c + 5*y = -3*c + 11, 0 = -4*c - 3*y + 5. Let i(x) = -13*x**3 + x + 1. Calculate i(c).
13
Let f = -1 - 1. Let q = f - -4. Let o(j) = 5*j**2 + 6 - q*j**3 + j**3 + 0 - 3 + j. Calculate o(5).
8
Let z(q) be the third derivative of -q**5/20 - q**4/6 - q**3/2 + 3*q**2. Suppose -8 = 7*g - 3*g. Calculate z(g).
-7
Let u(y) = 2*y**2 - y + 1. Let v be u(-2). Let m = -5 + v. Let g(j) = -j**2 + 6*j + 3. Give g(m).
3
Let u(s) = s - 1. Let o be (-4)/(16/20) - -4. Let m(h) = 5*h - 7. Let x(r) = o*m(r) + 6*u(r). What is x(-4)?
-3
Let a(w) = -w**2 - 5*w + 7. Let v(y) = y + 1. Let m(f) = f**2 - 12. Let s(x) = -m(x) - 4*v(x). Let n be s(-6). Let c(k) = -k - 9. Let q be c(n). Calculate a(q).
7
Let w(s) = -s + 8. Let m = 5 + -1. Let o = m - -2. Determine w(o).
2
Let u(k) = k**3 + 9*k**2 - 9*k + 4. Let h be u(-10). Let b(y) = y**2 + 6*y + 6. What is b(h)?
6
Let q = -28 - -31. Let a(w) = -10*w**3 + w + 6*w**2 - 1 + 9*w**q - 1 + 1. Determine a(6).
5
Let o(n) = -11*n + n**2 + 24*n + 4 - 20*n. Calculate o(6).
-2
Let i(l) = -2*l**2 + 4*l - 2. Suppose 4*v - 11 = -3*p, -v + 5 = -0*v + 3*p. Calculate i(v).
-2
Let r(w) = -3*w**3 - 3*w**2 + 8*w - 10. Let y(q) = q**3 - q**2 + 1. Let s(b) = r(b) + 4*y(b). Calculate s(6).
6
Let i(b) = -5*b + 17. Let f(r) = -3*r + 11. Let h(d) = -8*f(d) + 5*i(d). Suppose -5*q + 33 = 3*n + 4, -2*q + 5 = -n. What is h(q)?
-7
Let z(c) be the second derivative of -c**3/6 - 5*c. Calculate z(1).
-1
Let c(d) = -3*d**2 + 3*d**2 + 5*d + 0*d**2 - d**2 - 2. What is c(3)?
4
Let o(b) be the first derivative of -b**4/4 - 2*b**3/3 + b**2 + 4*b - 3. Let z be o(-3). Let r(h) = 2*h - 3*h + 0*h + z. Give r(0).
7
Let w(v) = 4*v + 7. Let p(b) = b + 1. Let z = -5 - 0. Let g(m) = z*p(m) + w(m). Give g(0).
2
Let x(i) be the first derivative of 1/2*i**2 - 8*i - 5. What is x(0)?
-8
Let q(w) = 0*w - 2*w**2 + w**2 + 2 - 4*w - 5. Let k be (1*-2)/(-2) - 3. Determine q(k).
1
Suppose x = 2*x + 3. Let h(v) be the third derivative of -1/30*v**5 - v**2 + 0 + 0*v - 5/24*v**4 - 1/3*v**3. What is h(x)?
-5
Let s(w) be the first derivative of w**4/4 - 2*w**3 - 5*w**2/2 - 10*w + 22. Give s(7).
4
Let t(r) = r**2 - 4*r - 5. Let y(o) = 4*o - 7. Let p be y(3). Determine t(p).
0
Let t = 2 + -1. Let l(a) = 2*a + t - 2 + a**2 + 4*a - 4*a. What is l(-3)?
2
Let a(s) = -4*s + 5 + 4*s**2 - 3*s**2 + 0*s. Let d(g) = g**2 - 3*g - 5. Let w be d(5). What is a(w)?
10
Suppose -4*d + 20 = -0. Suppose -d*o = -12 + 2. Suppose -u - u + 12 = 4*k, k - 13 = o*u. Let n(q) = -q**2 + 5*q + 1. Determine n(k).
1
Let l(z) = -z**2 + 0*z - 1 - 7*z + z. Let d(m) = -1. Let c(t) = 2*d(t) + l(t). Let u be (10*3/(-6))/1. Give c(u).
2
Let b(g) = -g + 1. Let t(v) = -5. Let z(n) = -2*b(n) - t(n). Determine z(-4).
-5
Suppose -10*x + 21 = -19. Let m(v) = v**2 - 3*v + 1. What is m(x)?
5
Suppose 5 + 8 = t - 3*u, -4 = 4*t + 2*u. Let g(q) = -3 - 1 + 0 + q + 3 + 4*q**2. Give g(t).
4
Let p be 0/((-2)/(0 + 2)). Let n(i) = -i**2 - 4 - 3*i + 2*i + 3*i - 3*i. Give n(p).
-4
Let t = -6 - 1. Let w = 4 + t. Let l(c) = c**2 + 2*c + 1. Determine l(w).
4
Let r(o) = o**3 - 3*o**2 + 4*o - 2. Let y(t) = t**3 - 15*t**2 + 2. Let h be y(15). Give r(h).
2
Let w(h) be the first derivative of h**2/2 + h + 1. Suppose 3*n + 5*f + 9 = 2*f, -3*f = -n - 15. Let k be (2/n)/((-3)/(-9)). Calculate w(k).
0
Let r(x) be the first derivative of x**2/2 - 7*x - 4. Calculate r(7).
0
Let v be (2/(-75))/(32/(-20)). Let l(f) be the third derivative of 0 + 2*f**2 + 0*f - v*f**5 + 0*f**3 + 1/12*f**4. Determine l(3).
-3
Let b(o) = -o**3 + 7*o**2 - o + 7. Let s be b(7). Let j(p) be the second derivative of -p**5/20 - p**3/6 + 7*p**2/2 + p. Determine j(s).
7
Let b(d) = -14*d**3 - 16*d**2 - d + 6. Let k(m) = 3*m**3 + 3*m**2 - 1. Let n(w) = -2*b(w) - 11*k(w). Let x be n(1). Let c(s) = -s - 10. Give c(x).
-5
Let n be (1/(-2) + 0)*-48. Suppose n - 74 = -5*r. Suppose 2*b = 4*b + r. Let q(c) = -c + 3. Give q(b).
8
Let b(o) = o + 7. Let t(h) = h + 4. Let c be t(6). Suppose 0 = 4*x - 2*x + c. Determine b(x).
2
Let u(k) = -k**2 + k + 1. Suppose -4*w + w - 3*v = 0, 4*v + 2 = -3*w. Let r(o) = 2 + 5*o + w + 0. Let b(n) = -r(n) + 4*u(n). Determine b(-1).
-3
Suppose -5*a = 19 + 6. Let o(v) be the first derivative of v**5/60 + 5*v**4/24 - v**3/3 - 1. Let s(y) be the third derivative of o(y). Calculate s(a).
-5
Let d(l) be the first derivative of 6*l - 2*l - 2*l - l**2 - l - 4. Determine d(-2).
5
Let v(u) be the first derivative of u**6/360 + u**5/24 - u**4/6 + u**3 + 1. Let p(r) be the third derivative of v(r). Calculate p(-4).
-8
Let q(d) = 9*d**3 - 9*d - 17. Let y(f) = -5*f**3 + 5*f + 9. Let g(x) = 4*q(x) + 7*y(x). Determine g(0).
-5
Suppose 5*c + 20 = -3*a, 4*c = -9 + 5. Let t(q) = q + 7. Calculate t(a).
2
Let d(l) = 4*l. Suppose -11*u - 4 = 7. Determine d(u).
-4
Let d(l) be the first derivative of 0*l + 3 + 9/2*l**2. Let y(g) = g - 6. Let t be y(5). Give d(t).
-9
Let u(m) = 4*m - 3*m + 49 - 28 - 22. Determine u(1).
0
Suppose -9 - 11 = -5*s. Let z = 9 - s. Let a(o) = o**3 - 2*o**2 + 0*o + 5 - 5*o - 2*o**2. Determine a(z).
5
Let j(a) = 2*a**2 + 5*a + 3. Let z be j(-3). Let l(g) = -g**2 + 4*g + 5. Give l(z).
-7
Let l(r) = -r**3 + r**2 + r. Let h(u) = 4*u**3 - 7*u**2 - u + 4. Suppose y - 6 = 1. Let m = -6 + y. Let w(d) = m*h(d) + 3*l(d). Give w(3).
1
Suppose 0 = j - 19 + 18. Let h(s) be the third derivative of -7*s**5/60 + s**3/6 - s**2. Calculate h(j).
-6
Let g(l) = -l**2 - 3*l + 5. Let j be (-40)/(-15) + (-4)/6. Suppose 7 = v - j*t + 5*t, 3*t = 0. Let c = -11 + v. Determine g(c).
1
Let n(t) = -t - 1. Let m = 11 - 8. Let z(k) = -2*k - 1. Let g(y) = m*n(y) - z(y). Determine g(5).
-7
Suppose 5*b - 5*c = 25, -2*b = b - 5*c - 17. Let s(j) = -3*j**2 + 3*j + 0*j**2 + 2 + 2*j**2. What is s(b)?
-2
Suppose -3*n = -4*r - 35, -3*r - 4*n = -0*n + 20. Let h(y) = -5*y**2 - 5*y + 6. Let q(a) = -2*a**2 - 2*a + 2. Let s(i) = r*q(i) + 3*h(i). Give s(0).
2
Let y(t) = 2 - 4*t + t + 4*t. Suppose 0 + 4 = q. Suppose 1 - 9 = q*m. What is y(m)?
0
Let a(n) = n**3 - 6*n**2 + 2*n - 2. Let z(u) = u**2 - u + 4. Let m be z(2). What is a(m)?
10
Suppose -1 + 0 = f. Let y = 0 + f. Let h(o) = -6*o + 1. Give h(y).
7
Let k(u) be the second derivative of -u**3/6 - 6*u**2 - 22*u. Determine k(-6).
-6
Let m be (6/(-4))/(3/(-4)). Let h(s) = -s**3 + s**2 + 4*s - 3. Determine h(m).
1
Let d(q) = 6*q**3 + 1. Let x be (1 + 0)*(-10)/(-2). Suppose 1 = -x*k - 4. Give d(k).
-5
Let w = 1 + 5. Let u = w - 8. Let g be -1*(-2 + 3 + u). Let f(s) = -2*s**2 - s. What is f(g)?
-3
Let x be 2/(-6)*(8 + -14). Let k(f) be the second derivative of 0 + 7/6*f**3 + 3/2*f**x + 3*f. Determine k(-2).
-11
Suppose 2*i = -0*i - 48. Let d be (i/32)/(1/(-4)). Let h(y) = -2*y**2 + 5*y - 2. Determine h(d).
-5
Let b(z) be the first derivative of -z**4/4 - z**3/3 - z**2 - z - 33. Determine b(-1).
1
Let w(x) = -2*x**2 + 9*x - 13. Let u(y) = y**2 - 4*y + 6. Let z be (-134)/(-26) - 2/13. Let o(c) = z*u(c) + 2*w(c). Determine o(3).
7
Let a be 2/3*(-36)/8 + 4. Let d(k) = 9*k - 1. Give d(a).
8
Let i = -16 - -11. Let t(z) = -z - 4. Determine t(i).
1
Suppose 4*k + 2 = 14. Let l = 5 - k. Let f(j) = -j**2 + 3*j - 3. Determine f(l).
-1
Let l(n) = -n. Let m = 3 - 8. Let a(q) = -5*q + 7. Let r(g) = -3*g + 4. Let c(p) = 4*a(p) - 7*r(p). Let b(f) = m*l(f) - 6*c(f). Determine b(0).
0
Let k(w) = -w**2 + w + 1. Let s(g) = -10 + 6 + 6*g**2 + 0*g**2. Suppose -t + 2 = -5*v, -4*v + 0 = -4*t - 8. Let m(j) = v*s(j) - 4*k(j). Determine m(-3).
-6
Let g(o) = 16*o**3 + 36*o**2 + 36*o + 19. Let h(z) = 3*z**3 + 7*z**2 + 7*z + 4. Let i(a) = 2*g(a) - 11*h(a). Let w = 4 + -3. Suppose 2*n + w + 7 = 0. Give i(n).
-2
Let h(n) be the third derivative of n**4/24 + 2*n**3/3 + 5*n**2 + 3. Suppose -30 = 3*i + 2*i. Give h(i).
-2
Let f = 20 + -21. Let j(t) = t**2 - 3*t + 3. Let n(s) = s**2 - 1. Let l(h) = f*j(h) - 3*n(h). What is l(2)?
-10
Let f(h) = h**2 - h - 4. Let u be f(3). Let k be -2 + -4 + 4 + 6. Suppose 0 = 5*z + k*g + 25, -u*z - g - 3 - 4 = 0. Let a(x) = -4*x**2 + 2*x + 1. Give a(z).
-5
Suppose -2 = -2*h - 0. Let f(z) = -z + 2 + 0*z - h. Determine f(1).
0
Suppose 5*w - 19 = x, 5*x = -2*w + 3*x - 2. Let s(t) = -2*t**3 + 3*t**2 + 3*t + 3. Calculate s(w).
-15
Let c(i) = i**2 + 6*i + 3. Let b be (-2)/(-11) - (-26)/(-22). Let a be -4 - 2/(b + 3). Determine c(a).
-2
Let z(j) = -4*j**2 - 2*j - 1. Let b(